u**2 + u - 3. Let p be n(3). Suppose 3*a + 15 = 0, 0*x - c*a - p = -5*x. Is x prime?
True
Let v(a) = a**3 + 2*a**2 - 3*a - 3. Let z be v(-2). Suppose k + z = -1. Is k + 22 - -1*3 a prime number?
False
Suppose a = -3*a - w + 1083, 0 = -3*a + w + 814. Is a a prime number?
True
Let u be 4 - (-1 + 0 - -2). Let c(d) = -3 - 7*d - 5*d - 4*d**2 - 8 + d**u. Is c(10) composite?
True
Let v(g) = -51*g + 16. Let q be v(-9). Suppose -5*n + q = 4*m, -2*m - 2*m = 2*n - 466. Is m a composite number?
True
Let f(c) = 3*c**3 + 5*c**2 - 5*c + 5. Is f(4) a composite number?
False
Let z = -7 - -5. Let g(s) = -8*s + 8. Let o(a) = -23*a + 23. Let b(n) = -17*g(n) + 6*o(n). Is b(z) composite?
True
Let k(n) be the second derivative of 0 + 1/2*n**2 - 5/6*n**3 - 4*n + 1/12*n**4. Is k(9) a composite number?
False
Let k(f) = 7*f**2 - f. Let q be k(-4). Suppose -4*v + 4*n + 0*n + q = 0, -3*n = 3*v - 99. Is v a composite number?
False
Suppose -2 = -2*m, -2*m + 39 = -4*f + m. Let y be (8/(-6))/((-3)/f). Is ((-10)/4)/(y/40) prime?
False
Suppose -k = -4*m + 85, -2*m - 5*k = m - 81. Is m composite?
True
Let t be (-15)/6*24*-1. Is ((-41)/2)/((-6)/t) composite?
True
Suppose 3*w + 526 + 1074 = 5*n, -5*w + 1560 = 5*n. Let x be (2664/(-7))/2 - 12/(-42). Let z = x + n. Is z composite?
False
Let u = -94 + 513. Is u a prime number?
True
Let k = 2099 + -1060. Is k a composite number?
False
Let j = 46 - 19. Let c(k) = 105*k**3 - 2*k**2 + 1. Let z be c(1). Let o = z - j. Is o prime?
False
Suppose 6*j + 0*j = 4206. Is j a prime number?
True
Suppose 26 = 5*u + 4*t, 4*u - 3*t + 0 + 4 = 0. Is u/11 - (-238)/22 a prime number?
True
Suppose x - 1028 = -5*j + 353, 3*j - 4095 = -3*x. Is x a prime number?
True
Suppose 5*g + 24 = -2*w, 2*w = g - 0*g - 12. Let v be 4/6 + 656/(-12). Let d = w - v. Is d a composite number?
False
Let f(a) = 36*a**2 - 2*a + 3. Let i(r) = 35*r**2 - 3*r + 4. Let d(b) = 3*f(b) - 2*i(b). Let y be (-3)/9 - (-6)/(-9). Is d(y) a prime number?
False
Suppose 0 = 3*g + 2*g - 20. Suppose 683 = g*z + 207. Is z prime?
False
Suppose 2*b - 478 = 4*h, 4*b - 5*h - 481 = 463. Let p = 13 + -6. Suppose p*c - 4*c = b. Is c a prime number?
False
Is (-944)/32*22*-1 prime?
False
Suppose 3*y - 6 - 23 = 5*d, 13 = 3*y - d. Suppose 2*s + y*p = 23, -4*s = 4*p - 24 - 12. Suppose -s*h = -v - 480, -6*h - 5*v + 337 = -3*h. Is h a prime number?
False
Suppose 0 = 4*b - 3*b + 4*m - 12, -m = -5*b + 60. Let g = b + -7. Suppose -o - o - 5*z + 84 = 0, g*o - 183 = z. Is o prime?
True
Let b(u) = 11*u - 2 + 1 + 125*u - 2. Is b(4) a composite number?
False
Let d(r) = 2 + 4 - 16*r - 3. Suppose 0 = 2*s + 2*s + 28. Is d(s) prime?
False
Let l(q) = 4*q + 1. Let h be l(2). Suppose 3*j - 2*p + 0*p = -12, -2*j = -p + h. Is ((-9)/j + 2)*2 a prime number?
True
Let n(c) = 1371*c - 13. Is n(2) a prime number?
True
Let t = -2 + 4. Suppose 95 = 3*l + t*l. Is l a prime number?
True
Let y(j) = 5*j**3 + 8*j**2 - 10*j - 8. Is y(5) composite?
True
Let f(v) = -v**3 - 7*v**2 + v + 9. Let n be f(-7). Suppose l - n*i - 2*i - 17 = 0, -3*i = 0. Let k = l - -2. Is k a prime number?
True
Suppose -3*r = -2*u - 639, 0*r - u + 630 = 3*r. Is r prime?
True
Suppose i = 43 - 3. Is i/30 + 1601/3 composite?
True
Suppose -x = -2*d - 54, 87 = 2*x + d + 2*d. Suppose 0 = 2*i + i + x. Let n = i - -62. Is n composite?
True
Let x be -1 + 246 + 3 + -2. Suppose 1059 = 4*o - 3*c, -o - 2*c = c - x. Is (o/6)/(-3)*-6 prime?
False
Let y be -1*(-6)/(-15)*-5. Suppose 0 = -u - y, -5*q + 393 = u. Is q a composite number?
False
Suppose -59 = -3*i - 341. Let u be (-1 - 2)/(2/i). Suppose 4*l + 4*v = 204, u = 7*l - 4*l - 3*v. Is l composite?
True
Suppose 4*b = 5*a - 20, -b = 4*a - 8 - 8. Suppose m - 5 + 0 = b. Suppose 4*c + 475 = 5*f, 3*f - m*c = 5*f - 190. Is f a composite number?
True
Let j = -61 + 37. Let b be (j/(-15))/(1/(-5)). Let s(l) = 2*l**2 + 4*l - 11. Is s(b) prime?
False
Suppose r - 124 = -3*w, -29 = 2*w - 4*r - 93. Suppose 0 = 5*o + 5*t - w, 5*o - t - 13 = 3. Is o/(-6) + (-346)/(-6) composite?
True
Suppose -4*x + 3 = 2*p - 1, 3*x - 5*p - 3 = 0. Is (-2)/(-3)*123/x composite?
True
Suppose 4*z - 4*s + 1590 = s, -794 = 2*z - 2*s. Let k = z + 604. Is k a composite number?
True
Let m be (-29)/((-4)/(-47 - -3)). Is (0 - (m + 2)) + 2 prime?
False
Let u(i) = i**3 + 3*i**2 - i + 1. Let a be u(-3). Suppose -2*h - 3*t = -6*h + 85, -3*h + 70 = a*t. Is h a composite number?
True
Let l(k) = -k**2 - k + 5. Let n be (-4 - -4)*(1 - 0). Let w be l(n). Suppose 4*r = w*r - 4. Is r a prime number?
False
Let n(z) = z**2 + 2*z - 2. Let s be n(-3). Let v = 15 + s. Suppose 0*i = 3*i - 5*y - v, -4*i + 2*y = -26. Is i composite?
False
Let k = -11 - -18. Suppose 4*w - 248 = -4*r, 3*w = -k*r + 2*r + 180. Is w prime?
False
Let g(c) = c**2 + 6*c + 5. Suppose 0 = -2*w + 3*w + 6. Let r be g(w). Suppose -o + r*h = -14, -o = 3*h + 13 - 59. Is o a composite number?
True
Suppose 6*y - 3*y = 0. Suppose y = 2*o - o + 174. Let h = o - -259. Is h prime?
False
Suppose -4*r + 448 = 2*i, r - 118 = -2*i - 9. Suppose -r = -6*j + 5*j. Is j a composite number?
False
Let g(p) be the third derivative of p**5/12 - p**4/12 - 5*p**3/6 + 2*p**2. Is g(4) composite?
False
Let n be 8*(-2 - (-5)/2). Suppose -n*i + r = 2083, -5*r + 0*r = 5*i + 2585. Let k = -227 - i. Is k composite?
False
Suppose 5*w = c + 1361, -116 = 2*w + 4*c - 656. Let f = 435 - w. Is f a composite number?
False
Let p(t) = 6*t**2 + t. Let r be p(-1). Suppose r*b = -20 - 0. Is (-369)/(-7) + b/(-14) prime?
True
Suppose -h = -c - 4, 4*h = -2*c - 10 + 2. Let t be (-1 - -7)/((-9)/(-6)). Is t + 84 - (h - -1) prime?
False
Let s be 2*1 - (-5 - -7). Let l(r) = -r + 149. Is l(s) prime?
True
Suppose -7*s + 5*k - 16020 = -12*s, 16026 = 5*s + 3*k. Is s a prime number?
False
Suppose b = -4*b + 15. Suppose 6 + 0 = b*z. Let f = z - -5. Is f composite?
False
Let z(f) be the second derivative of 2*f**3/3 - 9*f**2/2 + f. Suppose 3*q + 11 = j + 27, 0 = -4*q + j + 23. Is z(q) a prime number?
True
Suppose -4*b = 0, -o = -0*b + 4*b - 12. Let u be 784/o + (-1)/3. Suppose -5*t + 80 = 4*i, 3*i = -0*i - 5*t + u. Is i a composite number?
True
Let q be (3 - -2)*(4 - 3). Suppose -q*x - 21 = -y + 27, -y - 3*x + 24 = 0. Is y prime?
False
Let n be ((-5)/(-2))/(1/2). Suppose 41 = 5*f - 4*f - q, -n*f - 5*q = -165. Is f composite?
False
Let s(z) = -90*z + 3. Let l be s(-3). Suppose 0 = -5*c + 15. Suppose 0*q - l = -c*q. Is q a composite number?
True
Is (-1 + 790/(-5))*-1 a prime number?
False
Let m be 186/(-14) + (-2)/(-7). Let l = m - -28. Is l composite?
True
Suppose 1615 + 27 = 2*g. Is g composite?
False
Let d(h) = -13*h + 2. Let a be d(3). Let n = 0 - a. Is n composite?
False
Suppose 1 = z - 2. Suppose -z*a + 479 = 2*a - h, 5*a = 5*h + 495. Let r = -56 + a. Is r composite?
True
Let x(k) = 5*k**2 - 2*k + 2. Let w(b) = -6*b**2 + b - 1. Let i be w(1). Let f be 7/(-2) - 3/i. Is x(f) a composite number?
False
Let y = 3 + 1. Suppose 12 = y*l - 0*l. Is -2 - (-57 + 6/l) composite?
False
Let z(m) = 4*m**2 + 5*m - 5. Is z(10) prime?
False
Let h(y) = 2238*y**3 - y. Is h(1) a prime number?
True
Let f(d) = -d**2 + 19*d - 21. Let q(k) = 4 - 6*k + 2*k + 3 - 2*k. Let b(g) = -4*f(g) - 11*q(g). Is b(7) prime?
False
Let j(m) be the second derivative of m**5/20 - m**4/4 + m**2 - 2*m. Let l be j(3). Suppose 16 = -l*y + 6*y, -4*i = -y - 20. Is i a prime number?
False
Let y(f) be the first derivative of 4*f**3/3 - 2*f**2 - 5*f - 2. Is y(4) composite?
False
Let c(l) be the third derivative of -3*l**4/2 + l**3/6 - 2*l**2. Is c(-1) a prime number?
True
Let u = 16 + -14. Let p(c) be the second derivative of 3*c**5/20 - c**3/6 + c**2/2 + c. Is p(u) a prime number?
True
Suppose 3*a = 0, 0*d = 4*d + a. Suppose 5*u - 1507 = 2*k, 5*u - k = -d*k + 1506. Let h = -182 + u. Is h a composite number?
True
Suppose 6*b - b - 16434 = -n, -4*b + 13149 = -n. Is b prime?
False
Let f(m) = -5*m - 3. Suppose 16 = -4*v + x + 3*x, -4*v - x = -4. Suppose v = 4*u + 4 + 4. Is f(u) composite?
False
Let a = 206 - 127. Let v be (-1 - 35)/((-12)/(-18)). Let q = a + v. Is q prime?
False
Let s = -18 - -21. Suppose -4*m = -s*m - 449. Is m a prime number?
True
Suppose 0 = 3*l + 12, 2*k - 4*l = -k + 31. Suppose -2*u = -6*u + 3*z + 541, -k*u = -z - 668. Is u prime?
False
Let u(b) = -2*b + 9. Let x be u(6). Let d(n) = -n - 1. Let w be d(